- 3, 3 = c. Let f = -6 - -8. Suppose -f*w + 3*w - 38 = p. What is the tens digit of w?
3
Let l = -119 + 843. What is the tens digit of l?
2
Let r(s) = 0 - 10*s + 18*s - 1. What is the tens digit of r(5)?
3
What is the units digit of ((-4)/(-10))/(-8 + 18322/2290)?
8
Let p = 40 + -30. What is the hundreds digit of ((-61)/3)/(p/(-90))?
1
Let r = 40 - -8. Suppose 69 = 2*o - 95. Let c = o - r. What is the tens digit of c?
3
Let r be (11 - -3) + 0 + -4. Suppose -5*n = -0*v + 5*v + r, -3*v = n + 6. Suppose l - 4*l = n, -2*l = 3*w - 99. What is the tens digit of w?
3
Suppose 0 = -16*u + 6605 - 1277. What is the units digit of u?
3
Suppose k - 3*k - j + 11 = 0, -5*k - j + 23 = 0. Suppose d = k*d. Suppose d = 4*a + a - 140. What is the units digit of a?
8
Suppose 5*p = 5*s - 8105, -3*p = 2*s - 3*s + 1615. What is the units digit of s?
4
Let h = 17 - 10. Suppose -3*a = -h*a + 124. Let z = a - 14. What is the tens digit of z?
1
Let x = -299 - -642. What is the hundreds digit of x?
3
Suppose 0 = 9*y - 4*y. Suppose y = -5*c + 9*c - 12. What is the tens digit of (-44)/c*(-9)/2?
6
Let t = 17 + -9. Suppose -t = p - 131. What is the tens digit of p?
2
What is the tens digit of (-250)/((2/(-6)*-3)/(-1))?
5
Let k = -574 - -1001. What is the hundreds digit of k?
4
Suppose -21*z + 18783 = -8391. What is the tens digit of z?
9
Suppose -293 = -4*m + 275. What is the tens digit of m?
4
Let u be 1/((-8)/(-32)*2/3). Suppose 0 = -u*m + 201 + 177. What is the tens digit of m?
6
Let c be ((-332)/(-3))/((-2)/(-3)). Suppose -5*w - c = -496. Suppose -3*s + 237 = w. What is the tens digit of s?
5
Let j(l) = -9*l**2 - 34*l + 1. What is the tens digit of j(-3)?
2
Let r(c) = -5*c**2 - 14*c + c**3 + 9*c - 3 - 1. Let u be r(6). Suppose -u*f + 3*w + 41 = 8, 4*f + 3*w = 93. What is the units digit of f?
1
Suppose 7*l = 1462 + 1597. What is the hundreds digit of l?
4
Let t(s) = -8 + 4*s + 28 - 5*s. Let d be (22/(-4))/((-2)/4). What is the units digit of t(d)?
9
Suppose 16 = 2*w - 20. Suppose 0 = -2*l - w + 164. What is the tens digit of 2/(-6) - l/(-3)?
2
Let c be (4/(-10))/(59/(-15) - -4). What is the hundreds digit of ((-56)/c)/((-6)/(-81))?
1
What is the hundreds digit of ((-4)/(-9) - (-70160)/576)*12?
4
Suppose 6 + 2 = -4*g, 5*c = g + 112. Suppose 5*q + 7 = c. Let t = 31 - q. What is the tens digit of t?
2
Suppose 14 = d - 174. Suppose -2*z + d = -0*z. What is the tens digit of z?
9
Suppose -5*u = b - 61, -u + 0*b + 9 = b. Let z(x) = 9 - 3*x + 8*x + x - 26. What is the units digit of z(u)?
1
Suppose 0 = -2*i + 5*d - 11, 4*i = -4*d - 6 - 2. What is the units digit of 8 - -22 - (i - -2)?
1
Suppose -18*u + 22*u - 995 = -f, 2*u - 2*f = 500. What is the tens digit of u?
4
Let c be (0 - -1) + (-3 - -24) + 0. Suppose 16 = 2*w - c. What is the tens digit of w?
1
Let v(l) = l + 12. Let f be v(-6). Suppose f*x - 80 = 4*x. What is the tens digit of x?
4
Let r(z) = 0 + 4 + 13*z + 0*z**2 + z**2. Let d be r(-10). Let a = 59 + d. What is the units digit of a?
3
Suppose 0 = -0*p + p + 3*q - 87, 407 = 5*p + q. What is the tens digit of (-1)/(2 - 163/p)?
8
Suppose 5*w = -4*i + 10748, -5*w + 5*i + 15649 - 4874 = 0. What is the thousands digit of w?
2
Let b be 84/2*(-4 + (-13)/(-3)). What is the units digit of 17*10 + 0/(b/7)?
0
Let x(s) = -3*s + 2. Let v be x(-2). Let z(l) = 76 + 72 + 2*l - 158. What is the units digit of z(v)?
6
Suppose -v - 6 = 2*v. Let o be (-3 - v/1) + 40. Suppose 2*i = -i + o. What is the units digit of i?
3
Suppose q - 5*u + 21 = 8, q = 4*u - 10. What is the units digit of q/((24/(-1758))/(-2))?
3
Suppose 0*d - 5 = d. Let r = 7 + d. Suppose r*y = 56 - 4. What is the units digit of y?
6
Let r = 8 + -6. Suppose -u = -r - 2. Suppose -u*w = -12 - 20. What is the units digit of w?
8
Let m = -9 - -12. Let l = 0 + m. Suppose 5*u + 18 = 4*z, 0 = l*z - 0*u + 2*u - 2. What is the units digit of z?
2
Let t = 52 + 313. Suppose 3*f + 2*f + y - t = 0, 0 = 2*y. What is the tens digit of f?
7
Suppose -13824 = 24*u - 30*u. What is the units digit of u?
4
What is the units digit of (-2 - 10)*60044/(-136)?
8
What is the units digit of (-6 - -3) + (2500 - 11)?
6
Let r(m) = -m - 28. Let x be r(-10). What is the hundreds digit of (-5)/(15/(-594)) + x/(-9)?
2
Let i = 16 + -10. Suppose 0 = -2*y + 16 - 16. Suppose y = i*h - 140 - 76. What is the tens digit of h?
3
Suppose d = -5*m + 19, 3*m + 6*d = 5*d + 13. Let i(o) = 3*o**2 + 5*o - 2. Let v be i(-2). What is the units digit of m + v + -3 - -32?
2
Suppose -23*k = 4*n - 20*k - 10608, 16 = -4*k. What is the tens digit of n?
5
Let z = -2745 - -4556. What is the units digit of z?
1
What is the tens digit of (12/10)/((-12)/(-6880))?
8
Let v(a) = 188*a**2 + 21*a + 43. What is the tens digit of v(-2)?
5
Suppose -6*j - 300 = -16*j. Suppose t - u - j = 9, -3*t - 5*u + 85 = 0. What is the units digit of t?
5
What is the hundreds digit of 7629/13 - 36/(-234)?
5
Suppose -3625 = -f + 3*q - 4*q, 5*f + 3*q = 18127. What is the thousands digit of f?
3
Let m be ((-72)/(-5))/(9/(-90)). What is the tens digit of -1*((-6)/(-3) + m)?
4
Let f(y) = 7*y + 13. Let c(l) = -15*l - 27. Let h(i) = -2*c(i) - 5*f(i). What is the units digit of h(-11)?
4
Let f = 57 - -765. What is the hundreds digit of f?
8
Let o be (-290)/25 - (-2)/(-5). Let c be 8/o + 133/(-3). What is the units digit of c/(3 + (-27)/6)?
0
Suppose -4*u + 19 = -5. What is the units digit of -10 + u + -2*-1*3?
2
Let u = -37 - -78. Let c = u + 235. Suppose 0 = 5*a - 4*p - c, 0*a - a - 3*p = -40. What is the units digit of a?
2
Let c(i) = i + 7. Let v be c(-4). Let j(l) = 2*l**3 - 5*l**2 + 2*l. Let k be j(v). Let r = k - 5. What is the tens digit of r?
1
Let f be (-114)/4 - (-5)/(-10). Let z = f + 27. Let o(c) = -7*c**3 + 2*c**2 - c - 6. What is the units digit of o(z)?
0
Let j = 16 + -20. Let l be 1/j + (-200)/(-32). Suppose -2*b + 4*o = -34, -5*b - 3*o + 71 = -l*o. What is the tens digit of b?
1
Let i(x) = 61*x**3 + 2*x**2 - 9. What is the units digit of i(3)?
6
Let q(r) = -r**2 - 3*r + 6. Let p be q(-4). Suppose -6*u = -p*u. Suppose -g + u*g + 2*o = -36, -4*g = -o - 116. What is the units digit of g?
8
Let u(j) = 4*j + 4. Let m(n) be the first derivative of -n - 4. Let l(w) = -16*m(w) - u(w). What is the units digit of l(-12)?
0
Suppose p + 3 = -0, -5*y - 35 = 5*p. Let z(l) = -l**3 - l**2 + 4*l - 4. What is the tens digit of z(y)?
2
Let k(a) = a**3 + a**2 - a. Let r be k(1). Suppose -123 = -2*t - r. What is the units digit of t?
1
Suppose z - 7*l = -4*l + 181, -z + 188 = 4*l. What is the tens digit of z?
8
Suppose -8*h = -3*h. Let l = 2 - h. Suppose 130 = 5*s + 4*r, -4*s = -7*s - l*r + 78. What is the tens digit of s?
2
Suppose 4*s + 32 = 3*w + 2*w, 0 = 2*w + 2*s - 2. Suppose 3*p + w*p = 532. What is the tens digit of p?
7
Let a(u) = 34*u**2 + 13*u + 3. What is the tens digit of a(4)?
9
Let r(n) = 71*n + 1. Let f(w) = 71*w + 1. Let k(i) = -2*f(i) + 3*r(i). Let o be k(1). What is the units digit of ((-6)/(-9))/(2/o)?
4
Let n(b) = b**2 - 10*b + 15. Let v be n(5). What is the units digit of 5/v + (-2)/((-4)/97)?
8
Let n(y) = 9*y**2 + 7*y - 9. Let v = 3 + -8. What is the tens digit of n(v)?
8
Let v(c) = c**2 + 3*c. Let b be v(-4). Suppose -4*f + 5*w - 6 = 0, -f + 3*w = -b + 9. What is the tens digit of 1 + -1 - f*-42?
4
Let h be -2 + (-4 - -8) + 2. Let c = -30 + 46. Suppose h*j - c = -3*t - t, -2*t = -2*j. What is the units digit of t?
2
Let a = -12 - -11. Let i(h) = 113*h**2 - 2. What is the tens digit of i(a)?
1
Let a be ((-56)/70 + (-178)/(-35))*-7. Suppose 0 = -5*y - 190 - 170. What is the tens digit of 12/a + y/(-5)?
1
Let c(k) = k**2 - k + 16. Suppose -5*u + 5*y = -44 + 4, 0 = u + 5*y - 2. What is the tens digit of c(u)?
5
Let g = 3 + -1. Suppose 0 = 5*h - q - 34, -g*q = 5*h - 0*h - 22. What is the units digit of h - (0 + -2) - 3?
5
Let r(l) = -61*l - 55*l - 12 + 4*l**2 + 116*l. What is the tens digit of r(4)?
5
Suppose 101*i - 111*i = -5980. What is the tens digit of i?
9
Suppose 0*w = 6*w. Suppose w = 13*t - 15*t + 242. What is the units digit of t?
1
Suppose 8 - 7 = z. Let v be -1*(z - 14/(-1)). Let m = v + 26. What is the units digit of m?
1
Suppose -21 + 740 = m. What is the units digit of m?
9
Let a(b) = b + 1. Let c(g) = -45*g + 7. Let m(w) = 4*a(w) - c(w). What is the hundreds digit of m(6)?
2
Let 